a + 24. Let m(w) = w - 10. Determine m(a).
-4
Let y(h) = h**2 - 19*h + 96. Suppose 4*z - 2*r - 48 = 0, 75 - 51 = -4*r. Give y(z).
6
Let h(w) = 4*w + 1. Let t(k) = -k**2 + 11*k - 26. Let n be t(7). Let p = 116 + n. Let s = p + -116. Give h(s).
9
Let u(m) = m**3 - 30*m - 34. Let g(t) = 3*t**3 - t**2 - 87*t - 99. Let v(o) = 6*g(o) - 17*u(o). Give v(8).
16
Let z(c) = c**2 - 5*c - 40. Suppose -101*r - 13 + 904 = -2*r. What is z(r)?
-4
Suppose 5*y = -15, 2*p - p - 4*y - 10 = 0. Let h = p + 1. Let u(z) be the second derivative of -z**5/5 + z**3/6 - 607*z. Calculate u(h).
3
Let o(k) = -2*k**3 + 58*k**2 - 56*k - 7. Let c be o(28). Let l(p) = p**3 + 6*p**2 - 7*p - 8. What is l(c)?
-8
Let u(n) = -24*n - 35 + 45*n - 19*n. Suppose -3*l = 4*a - 75, -a - 2*l = l - 12. Let d be u(a). Let s(g) = g - 14. Give s(d).
-7
Let k(l) be the first derivative of -l**4/2 + l**3/3 + 3*l**2/2 - 11*l - 100. Let q(w) = -5*w**3 + 3*w**2 + 7*w - 23. Let m(f) = 9*k(f) - 4*q(f). Give m(3).
17
Let x be (-255)/(-7) - 21/49. Let d(b) = -19 + x - 18 - 3*b. Suppose 2*p - 6*p - 2*y = 16, 13 = -5*p + y. What is d(p)?
8
Let n(s) = -s**3 - 3*s**2 - 6*s + 4. Let g be n(-5). Let o(h) = 304*h + 82. Let u be o(0). Let c = g - u. Let f(k) = -4*k + 1. What is f(c)?
-7
Let s(q) = 3*q**3 - q + 2. Let h be 0/(0 - 3 - -8). Suppose 0*i + 4 = 2*i. Suppose -5*b - 3*f - 4 = 0, -4*b + h = i*f + 4. Calculate s(b).
-20
Let f(m) = -m**2 + 7*m - 6. Let s(z) = -z**3 - 19*z**2 - 17*z + 12. Let d be s(-18). Let v be d/33 + 408/66. Give f(v).
0
Let i be (-168)/(12 + 0) - -5. Let u(l) = -l**3 - 11*l**2 - 18*l + 10. What is u(i)?
10
Let c(n) = 4*n + 6 - 1 - 5*n. Let s be (-6)/(-1*2) - 21/(336/(-128)). Calculate c(s).
-6
Suppose 9*h = 100 + 2402. Let d = h - 275. Let a(y) = -y**3 + 3*y**2 - 2*y + 1. What is a(d)?
-5
Let z = -16 + 9. Let d(x) = x**3 + 2*x**2 - 27*x - 16. Let s be d(-6). Let a(v) = -v + 7*v - 10 - 10*v + v**3 - 4*v**2 - 3*v**s - 2*v**3. What is a(z)?
18
Let h be (-10)/8 - ((-3535)/28 + 6). Let u = 4 - 2. Let f(p) = -1 + 2*p - 2 + h*p**2 - 121*p**u. Calculate f(2).
-7
Suppose -37*j - 180 = -46*j. Let m(v) = -j - 3*v + 2*v + 4*v + 21. Let c be 8/36 + 58/(-18). What is m(c)?
-8
Let l(g) = 3*g**3 + 73*g**2 + 10*g - 27. Let v(n) = n**3 + 26*n**2 + 3*n - 9. Let s(x) = 4*l(x) - 11*v(x). What is s(-4)?
-5
Let b = 464 - 318. Let o = b + -146. Let m(s) = -s**3 - 9. Calculate m(o).
-9
Let i(j) be the second derivative of -17*j**3/6 - 34*j**2 - 11859*j. What is i(-4)?
0
Let k = -12 + -1. Let u(y) be the first derivative of -y**4/24 - 7*y**3/3 - 23*y**2/2 - 160. Let q(d) be the second derivative of u(d). Calculate q(k).
-1
Let q(w) = -4*w - 2 - 2*w**2 - 6*w + 4*w + w**2. Let k = -8316 + 8313. Determine q(k).
7
Let c(u) = -5*u + 2. Let h(i) = -26*i - 7. Let a(q) = -5*c(q) + h(q). Give a(5).
-22
Let v(l) = -153 + 285 + 21*l**2 - 20*l**2 + 35*l + 199 - 43. Determine v(-21).
-6
Let c(q) = -2*q**2 + 2*q + 1. Suppose 3*j = 4*r + 181, -3*r = -8*j + 6*j + 120. Suppose 71 = 4*h + j. What is c(h)?
-3
Let l(v) be the third derivative of -v**5/8 + 6*v**3 + 26*v**2 + 1. Let r(q) be the first derivative of l(q). Give r(1).
-15
Suppose 26 = -k - 2*s + 31, 5*k + 2*s - 81 = 0. Let r(m) = 2*m - 58. Calculate r(k).
-20
Suppose -l + 10 = s, 41*l + 5*s - 20 = 38*l. Let j(v) = 5*v**2 - 4*v**2 - l*v + 0 + 12*v - 2. Calculate j(5).
8
Let k = -6 - -8. Suppose -2*w - 24*c + 9 = -29*c, 2*w + 3*c - 1 = 0. Let y(t) = -2*t - 5*t - k + 7*t + 4*t**w + t. Give y(-2).
12
Let u(k) = k**3 - 27*k**2 + 23*k + 80. Let o be u(26). Suppose -2*l - 8 = 0, 0 = -0*w + 4*w - 5*l - 800. Let i(x) = 195 - w - x. Give i(o).
-2
Let v = -13/695 + 773/4170. Let n(z) be the second derivative of -2*z**2 + 1/12*z**4 + 5*z - v*z**3 + 0. Determine n(3).
2
Let o(y) be the second derivative of -y**4/6 - 8*y**3 - 12*y**2 - y - 70. Give o(-24).
-24
Suppose 13*w - 45*w = 96. Let r(v) = -6*v - 15. Let s be r(w). Let l(j) = 6*j + 4. What is l(s)?
22
Let z(d) = d**2 - 7*d + 12. Let k be z(5). Let q(a) = a**2 - 5*a + 4. Let y be q(5). Let p(s) = -3*s - y*s**3 + 997*s**k + 5*s**3 + 4 - 1000*s**2. Give p(3).
-5
Suppose 57*f = 61*f - 4. Let o(j) be the third derivative of -j**6/60 + j**5/60 - j**3/6 - 24*j**2. Calculate o(f).
-2
Let n(p) be the first derivative of -1/12*p**4 + 0*p**2 - 1/3*p**3 + 20 + 10*p. Let f(s) be the first derivative of n(s). Give f(-1).
1
Let d(f) = -4*f**3 - 8*f**2 - f. Let a(q) = -3 + 13*q**3 - 30*q**3 - q**2 + q + 16*q**3 + 2. Let m(r) = 3*a(r) - d(r). Suppose -4 = 2*g + 4. Determine m(g).
-3
Let t(h) = -31*h + 5*h - h**3 + 4430 + 10*h**2 + 12*h - 4456. Calculate t(8).
-10
Let q be (-8 - -7)/7 - 16/(-14). Let y(u) = 61*u - u**2 - 28*u - q - 2 - 28*u. Let c(b) = -b + 1. Let g be c(-6). Determine y(g).
-17
Let h(r) = r**2 - 7*r + 11. Let u be 120/700*5*7. Calculate h(u).
5
Let a = 9 - 4. Suppose 2*j + 18 = 4*j + 5*w, 4*w - 21 = a*j. Let y(m) be the third derivative of m**4/24 - m**3/6 + 53*m**2 - 2. Calculate y(j).
-2
Let l(j) = 2*j**3 + 44718413*j - 3*j**3 + 5*j**2 + 8 - 44718418*j. Give l(4).
4
Let f(m) = 53*m - 4. Let w(i) = 29*i - 2. Let b(h) = 6*f(h) - 11*w(h). Let d = 8 + -15. Give b(d).
5
Let y(i) = -2*i - 26. Let x(v) = -v - 12. Let d = 64 + -61. Let k(s) = d*y(s) - 7*x(s). What is k(-10)?
-4
Suppose 2*p - p - 12 = -5*c, 5*c = p + 8. Suppose 4*v + 3 - 6 = -3*y, -p*y - 9 = -v. Let n(q) = 6*q**2 - 2*q - 12*q**v + 7*q**3 + 4*q**3. Determine n(6).
-12
Let i(l) = -3*l**2 + 1. Let w(f) = f**2 - 3*f + 3. Suppose -7*q + 3 + 4 = 0. Let k be w(q). Calculate i(k).
-2
Let q(m) = m**3 - 3*m**2 + 2*m + 2. Let z be q(3). Let w(a) = -10*a - 6. Let f(r) = 3*r + 1. Let c = 998 + -996. Let t(k) = c*w(k) + 6*f(k). Give t(z).
-22
Let p(y) be the second derivative of 1/2*y**2 - 80*y + 0 + 1/12*y**4 + 4/3*y**3. Give p(-7).
-6
Let u(g) = g**2 - 2*g + 3. Let r be u(2). Suppose -5*i - 2 = 3*k + 14, 0 = r*i + 6. Let p(n) = -7 + 6*n - 5*n**2 + 4*n**2 + 5 + 7*n - 14*n. Determine p(k).
-4
Let f(g) = g**2 + 19*g + 85. Let k be f(-7). Let m(r) = -2*r**2 - 3*r - 60*r**3 + 4*r + 16*r**3. Calculate m(k).
-45
Let t(z) = -z - 3. Suppose 124 = -4*b - 4*s, 5*s - 84 - 1 = 3*b. Let o be ((-16)/(-10))/(6/b). Calculate t(o).
5
Let f(x) be the third derivative of x**4/24 - x**3/6 + 4345*x**2. Let h(t) = -t**3 - 6*t**2 - 7*t - 5. Let z be h(-5). Calculate f(z).
4
Let z(k) be the third derivative of -k**6/120 + 13*k**5/60 - k**4/24 + 7*k**3/3 - 4*k**2. Let i(g) = 46*g**2 - 182*g + 5. Let b be i(4). Give z(b).
1
Let a be (33/(-12) - -10) + 35/20. Let o(w) = w**3 - 10*w**2 + 11*w - 13. Determine o(a).
5
Let o(u) = 62*u**2 - 2*u + 1. Let c(p) = -2*p**3 - 206*p**2 - p - 102. Let h be c(-103). What is o(h)?
61
Let n = -3 + -1. Let q be (n - -7)*6/(-9)*2. Let l be -2 + 3*-2 - q. Let r(h) = h**2 + 2*h - 4. Give r(l).
4
Let n(s) = -s**3 - 7*s**2 - 3*s + 7. Let o be -3 + 168/49 - (-31)/(-7). Let r(g) = -12*g - 54. Let t be r(o). What is n(t)?
-11
Let x = 22 - 19. Let t(b) = -2*b + 43. Let g(n) = -n + 19. Let c(u) = 9*g(u) - 4*t(u). Determine c(x).
-4
Let g be (((-1440)/(-50))/12)/(2/15). Let o(t) = -t - t**2 + g - 8 + 0*t - 5 - 5*t. Suppose 12 = 3*c - 4*h + 33, 3*h = 3*c + 21. Give o(c).
-2
Let j(y) = -y**2 - 4*y + 13. Let w be (2/6*3)/(3/6). Let d be w/(-3)*27/18*6. Calculate j(d).
1
Let q(s) = -s**2 + 2*s + 3. Let u be q(-2). Let f(r) be the second derivative of r**3/2 + 9*r**2 + 6263*r. Give f(u).
3
Let v(r) = -38*r + 74*r - 37*r + 3. Let h be v(0). Let l(t) = -1 + 128*t**3 + 8*t - 63*t**h - 9*t**2 - 64*t**3. Calculate l(8).
-1
Let w(u) be the second derivative of 5/24*u**4 + 1/60*u**5 + 43*u + 0*u**3 + 0 - 7/2*u**2. Let h(y) be the first derivative of w(y). What is h(-3)?
-6
Suppose 6 = 5*c + 3*w, 4*c - 1667*w = -1666*w - 2. Let p(n) = -2*n**2 - n - 8. Give p(c).
-8
Let w(z) = -7*z - 8. Suppose 372 = -16*m + 292. Calculate w(m).
27
Let q(r) be the second derivative of -r**4/12 - r**3/2 + 5*r**2/2 + 2*r. Suppose 16*v - 10*v - 432 = 0. Let t be 24/54 + (-320)/v. Give q(t).
1
Let d(c) be the second derivative of -c**5/5 + c**4/12 + c**3/6 + c**2/2 + 3*c. Suppose 20*x + 31 = 10*x - 21*x. Give d(x).
5
Let h(i) = i + 2. Let l(m) = 1. Let y(o) = h(o) - 2*l(o). Let p be -7*(-12 - (-176)/14) - -9. Calculate y(p).
5
Let n(q) = 342 - q**2 - 6*q - 2*q + 3*q - 343. What is n(-5)?
-1
Let q be 44/6 - (-2)/(